ommon factor of 1980 and 2494820?
20
Calculate the highest common factor of 830 and 93488378.
166
Calculate the greatest common divisor of 3748 and 927020950.
1874
Calculate the greatest common factor of 24 and 22756488.
24
Calculate the highest common divisor of 8800 and 1302940.
20
What is the highest common divisor of 25146 and 7328916?
2286
What is the highest common factor of 142807 and 13454903?
6209
What is the greatest common factor of 621 and 802818?
27
What is the highest common factor of 15934 and 34021146?
514
What is the greatest common factor of 2750 and 49317950?
550
What is the greatest common divisor of 28840 and 12040?
280
Calculate the highest common divisor of 3140 and 123730.
10
What is the greatest common divisor of 525 and 30465120?
105
Calculate the greatest common factor of 17383197 and 65.
13
What is the highest common divisor of 27704 and 8312?
8
Calculate the greatest common factor of 188158 and 86.
2
Calculate the greatest common divisor of 1768059074 and 6563.
6563
What is the highest common divisor of 439571327 and 344?
43
Calculate the highest common factor of 14520 and 1647360.
1320
What is the greatest common factor of 2128630 and 236155?
3235
Calculate the highest common factor of 16766834 and 35.
7
What is the greatest common factor of 78336 and 165036?
204
What is the greatest common divisor of 81 and 5724441?
9
Calculate the highest common factor of 64 and 1870144.
64
Calculate the greatest common divisor of 23342089 and 326.
163
What is the greatest common factor of 2718 and 29521406?
302
Calculate the highest common divisor of 13532460 and 14145.
615
Calculate the greatest common factor of 860 and 11982260.
20
What is the highest common factor of 18712 and 22964302?
4678
Calculate the greatest common factor of 8886768 and 22704.
528
Calculate the highest common divisor of 63 and 92981511.
63
What is the highest common divisor of 18770567 and 44523?
1649
What is the greatest common factor of 86416 and 553872?
176
What is the highest common divisor of 131 and 62931221?
131
Calculate the highest common divisor of 19757 and 14162333.
859
Calculate the highest common factor of 5793000 and 432.
24
What is the greatest common factor of 17116 and 43780?
44
Calculate the greatest common factor of 32374340 and 460.
460
Calculate the greatest common divisor of 488079 and 28728.
27
Calculate the highest common factor of 400 and 413788300.
100
What is the greatest common factor of 678153 and 57792?
903
Calculate the highest common factor of 19276 and 423440.
316
Calculate the greatest common factor of 19380987 and 4059.
369
Calculate the highest common factor of 981 and 11675208.
327
What is the highest common divisor of 1815697 and 3686?
19
Calculate the greatest common factor of 89442828 and 36.
36
What is the greatest common divisor of 126 and 2591722?
14
Calculate the highest common factor of 10466576 and 32.
16
Calculate the highest common factor of 2112205 and 529.
23
Calculate the greatest common divisor of 48 and 27466448.
16
What is the greatest common divisor of 35955 and 3185460?
765
What is the greatest common factor of 5994 and 4470562?
74
What is the greatest common divisor of 9584921 and 2138008?
7223
Calculate the highest common divisor of 430 and 5428234.
86
What is the highest common divisor of 5790 and 252522?
6
What is the greatest common factor of 6600 and 171336?
264
What is the greatest common divisor of 1689125 and 52375?
125
Calculate the greatest common divisor of 118135016 and 8.
8
What is the greatest common divisor of 902943 and 23247?
369
Calculate the highest common factor of 5055248 and 99.
11
What is the greatest common divisor of 1929309 and 6003?
69
What is the greatest common divisor of 850987 and 15743?
173
Calculate the highest common divisor of 392862 and 1558.
82
Calculate the highest common factor of 337760075 and 25.
25
What is the greatest common factor of 2948026 and 29616?
1234
What is the highest common factor of 87129267 and 7820?
391
What is the highest common factor of 490 and 360318658?
98
Calculate the greatest common divisor of 2696356 and 832.
52
Calculate the greatest common divisor of 184 and 602967448.
184
What is the highest common factor of 7046 and 761241?
13
What is the greatest common divisor of 56 and 1481151?
7
Calculate the highest common factor of 26500 and 64904860.
1060
What is the highest common factor of 1545951 and 553?
79
What is the highest common factor of 326022 and 113766?
402
Calculate the highest common divisor of 38212 and 913316.
164
What is the highest common factor of 93529360 and 8331?
2777
What is the greatest common factor of 216145 and 116625?
1555
What is the greatest common factor of 350995 and 10?
5
What is the highest common factor of 204 and 77293050?
102
What is the highest common divisor of 3818898 and 54?
18
What is the greatest common divisor of 228490 and 1460730?
730
What is the highest common divisor of 3906885 and 362?
181
What is the highest common factor of 1884613 and 2134?
97
Calculate the greatest common divisor of 65325 and 5023325.
1675
What is the greatest common divisor of 7790936 and 1664?
8
Calculate the highest common divisor of 7195 and 3345.
5
What is the highest common divisor of 1895 and 10069651?
379
What is the highest common divisor of 1764 and 4832772?
588
Calculate the highest common divisor of 48577828 and 15952.
3988
Calculate the greatest common factor of 630492 and 132.
12
What is the greatest common factor of 360 and 159395220?
180
Calculate the highest common factor of 5700045 and 120.
15
Calculate the greatest common divisor of 95841900 and 5292.
756
What is the highest common factor of 50 and 2044810?
10
Calculate the greatest common divisor of 4590 and 570090.
30
Calculate the greatest common divisor of 112 and 288790624.
16
What is the highest common divisor of 10813490 and 5110?
730
Calculate the highest common divisor of 360573 and 132987.
1371
What is the greatest common factor of 9175 and 144534876?
367
What is the highest common divisor of 522 and 1514934?
18
Calculate the highest common divisor of 150335 and 130861.
107
Calculate the greatest common factor of 49 and 46779803.
7
What is the greatest common divisor of 16927154 and 1546?
1546
What is the greatest common factor of 466719219 and 9?
9
Calculate the highest common divisor of 9994 and 297046.
38
What is the greatest common divisor of 6047249 and 338?
13
What is the highest common factor of 324335 and 2695?
55
Calculate the greatest common divisor of 12556 and 22081405.
73
Calculate the greatest common divisor of 452971587 and 1797.
1797
What is the highest common factor of 40165389 and 793?
61
What is the highest common factor of 4485 and 434355?
345
What is the greatest common divisor of 13033883 and 1430769?
6037
What is the greatest common factor of 3847916 and 782?
34
Calculate the highest common factor of 549 and 4212111.
183
What is the highest common divisor of 33478 and 70196318?
1762
What is the highest common divisor of 483769 and 707642?
221
Calculate the highest common divisor of 1437486 and 305184.
1734
Calculate the highest common divisor of 80398 and 766.
2
Calculate the highest common divisor of 2284471 and 658.
7
Calculate the highest common divisor of 358285314 and 16936.
4234
Calculate the highest common divisor of 62335710 and 105.
15
Calculate the greatest common divisor of 410 and 172801170.
10
What is the greatest common divisor of 1387251 and 48399?
51
Calculate the greatest common divisor of 1127128189 and 121.
121
Calculate the greatest common divisor of 52926342 and 14.
14
What is the highest common divisor of 38355730 and 490?
490
Calculate the greatest common divisor of 64 and 16421.
1
What is the greatest common factor of 832629 and 1454223?
3837
Calculate the highest common factor of 109703722 and 35222.
3202
Calculate the highest common divisor of 30600 and 1723460.
340
Calculate the greatest common factor of 2121549 and 578.
289
What is the highest common divisor of 5839801 and 1793?
1793
Calculate the highest common factor of 675 and 931797.
27
Calculate the greatest common factor of 21014880 and 4320.
480
What is the greatest common divisor of 9 and 46228761?
9
Calculate the greatest co